9 - -27 - (-5 + 46 + 2)
-32
-44 - -1 - 0 - (40 - (-55 + 96))
-42
What is -43 - (-51 + 28 + (5 - -10) + 15)?
-50
Evaluate (6 - (32 + -12 - -14)) + (1 - 8) + -1.
-36
Calculate 0 - (-76 - (-45 - -28)).
59
What is 21 + 3 - ((-37 - -42) + -25)?
44
(-23 - -25 - 34) + 70 + 29
67
7 + -37 - 0 - (339 + -423)
54
What is the value of 134 - (111 - -62) - (3 + 56)?
-98
What is (61 - -42) + 46 - 71?
78
-1363 - -1330 - (-82 - 8)
57
What is (-13 - (-47 + -3 - -37)) + -17?
-17
-58 + 43 - (-5 + 32)
-42
(50 + 3 - (-12 - (-15 + 0))) + (2 - 3)
49
Evaluate -7 - (88 + 19 + -87).
-27
What is -9 - ((-2 - -60) + -1 + -187 + 200)?
-79
-9 - -2 - -14 - (12 + 49 + -9)
-45
What is the value of -1 + -2 + -551 + 535?
-19
Calculate -166 - (89 + -41 - 136).
-78
19 - ((2 - (1 + -14)) + 11)
-7
What is the value of 77 - (-58 + 29 - -53) - 3?
50
Evaluate -88 - (120 + -38 - 44 - 27).
-99
What is the value of (-16 - (0 - (25 + 13))) + -60?
-38
26 - 27 - (0 - -14) - -9
-6
What is (-8 - (-19 + 25) - -16) + 16 + -112?
-94
Calculate -11 + -2 + (6 - (5 - -5)) + 10 + 0.
-7
Evaluate -85 + (5 + 105 - 90).
-65
What is the value of (3 - (0 + -20)) + (237 + -71 - 212)?
-23
What is (80 - 0 - 43) + (11 - -31)?
79
What is the value of 137 + (-18 - (-33 - -3)) + -60?
89
What is (13 - 11) + 14 + -14 - (1 - 46)?
47
Evaluate 1 + -31 + (195 - 188) - -39.
16
4 + (99 - (12 - -28))
63
Calculate (-22 - (-17 + -24)) + (-18 - 3).
-2
-4 - (6 + (7 - 5) + -12) - (-36 - -29)
7
Calculate -13 + 17 + -40 + -13.
-49
What is (-1 + 16 - 3 - 12) + -4 - -35?
31
Evaluate 9 + 8 + -1 - 15 - -6.
7
(-15 - (2 + 14 - -6)) + 7
-30
Calculate (-10 - 78) + (-13 + 7 - -33).
-61
92 + 0 - (8 + 14 + -20 + -2 + 9)
83
3 - (17 - (26 - 0))
12
Calculate (9 - (23 + (-6 - 3))) + 15 + -25.
-15
Evaluate 0 + 13 - -1 - (-440 + 479) - -14.
-11
What is the value of 35 - (-17 - 10 - -18 - 3) - -17?
64
Evaluate (11 - (3 + 0)) + (22 - (105 + -17 + -4)).
-54
Evaluate (-5 - -9 - 4) + -5 + (20 - (105 + -20)).
-70
Calculate -1 + 3 + 18 + (-42 - 15) + 34.
-3
Calculate -142 - -170 - (-4 - 1) - 4.
29
What is 0 - -24 - (-1108 + 1085 - (1 + -9))?
39
What is 38 - 0 - 47 - (-3 + -4 + (5 - -4))?
-11
Calculate -25 - (-17 - -11) - (-22 - -62 - 74).
15
19 - ((-7 - (0 - 12)) + 1 + 9)
4
What is the value of -4 + -10 + (-4 - -85 - (-14 - -6))?
75
What is the value of 86 + -155 + 57 + 7?
-5
0 - (26 - (5 - -8)) - (-4 - 46)
37
-27 - (-19 + 5 + 5) - (-60 + 52)
-10
Evaluate (2 - 4) + (33 - (22 - -1) - 35).
-27
-5 - (-58 + (3 - -33))
17
Evaluate (-37 - 16) + (-7 - (-10 + 5)) + 20 + -9.
-44
What is the value of (-22 - (-6 + 5) - -11) + -10 + -8?
-28
-12 - -20 - -26 - (-1 + 3 + 7)
25
What is (8 - (160 + -106)) + (1 - 2) + 4?
-43
Evaluate 2 + -3 + 1 - (-5 - (-44 + 23 + -19)).
-35
What is -19 + 0 + -1 - (12377 + -12426)?
29
(2 + (6 - 8) - 93) + 3 - (7 + 1)
-98
What is the value of -120 + -53 + 153 + 8?
-12
What is -22 - 10 - (-2 + -25)?
-5
What is the value of -63 - -1 - ((-14 - -2) + 14 + -1 - -1)?
-64
-5 + (3 - ((-9 - 2) + 23 + -7)) + 110
103
Evaluate (-16 - 0) + (40 - (85 - 80)).
19
What is the value of (-13 - -54) + -14 - 69?
-42
What is the value of 12 - ((55 - 1) + (-33 - (-33 - -9)))?
-33
What is the value of 20 - (-30 - ((34 - 19) + -5))?
60
What is the value of (-13 - (-3 - -8)) + 5 + 23?
10
Evaluate 43 - ((103 - 41) + -63).
44
What is the value of (-30 - -2) + 117 + 71 + -210?
-50
What is (67 - 53) + (-1 - -1) + -23 + 22?
13
What is the value of (242 - 212) + (14 - -112)?
156
Evaluate -2 - (-26 + 25 - (-47 + 47 + 65 + 0)).
64
-35 + 0 + 681 + -664
-18
Calculate 5 - ((10 - 22 - -27) + -65).
55
Evaluate (-213 - -225) + -1 + 2 + -41.
-28
-14 + -13 + (26 + 11 - 15)
-5
(-95 + 85 - (0 - (9 - 4))) + -29
-34
-38 + 73 + 18 + -10 + -29 - -30
44
Evaluate -30 + (50 - (-28 + 21)).
27
What is (61 - (134 - 100)) + (-2 - -70)?
95
Calculate (-126 - 1) + 77 + (5 + -17 - (-2 - 2)).
-58
5 - (-21 - (11 - 19)) - (3 - -131)
-116
What is -8 - (24 + -1 + (-1183 - -1050))?
102
Calculate 43 + (-48 - -90) + -37 + -17 + (-1 - -5).
35
2 - (7 - -125 - 8) - (-21 - (-3 + -13))
-117
Evaluate -24 + (-5 - -16) + 81 + -21.
47
-190 - (111 - 156) - -68
-77
Calculate (2 - (12 - (-1 - -21))) + 22.
32
What is -4 - 0 - (-759 + 802)?
-47
What is the value of (-4 - -43) + -81 - 68?
-110
28 + (3 - -42) + (1 - 0) + -8
66
-1 - -10 - ((-190 - -140) + 41)
18
Evaluate 1 - 2 - 11 - (1 + 5 + (-1 - 13)).
-4
What is the value of 576 + -546 - (23 - 7)?
14
Calculate (61 - 7) + -143 + 153.
64
What is the value of (-24 + 57 - -30) + (-2 + -2 - (1 + 1))?
57
77 + -51 + (-11 - -14 - 30)
-1
What is 1 + -7 + (-6 - -55 - -10) + 7 + -2?
58
What is the value of (3 - (5 + -11 + 11)) + -13 - (4 - -99)?
-118
What is the value of (-8 - 91) + -1 - (-61 + (0 - -40))?
-79
What is the value of 10 + -30 + (5 - ((2 - (5 - 7)) + -8))?
-11
What is the value of (-1786 - -1815) + (-22 - 7)?
0
Calculate -1 + -48 + 29 + (-86 - -82).
-24
What is the value of -184 + 213 + -60 - (-1 + 5)?
-35
What is (-27 - -18) + -6 + 28 + 2 + (-11 - -3)?
7
Evaluate 13 - 6 - (17 + -20 - 1) - 10.
1
Evaluate 1 + 1 + 3 - (-257 - -251).
11
What is -37 - -15 - (-5 + -16 + 14)?
-15
What is the value of 83 + (15 + -43 - 57)?
-2
Evaluate (31 - -17) + (28 - 54 - -64).
86
Evaluate (0 + (16 - (0 + (-8 - -17))) - 9) + 41.
39
Calculate (8 + 1 + 1 - (10611 - 10628)) + (-1 - 0).
26
(39 - 40) + 33 - -9
41
532 + -476 + -1 + 14
69
Calculate 137 + -2 - ((-133 - (-122 + 4)) + 29 + 0).
121
-41 + 122 + (15 + 20 - 23)
93
18 - 8 - 0 - -7 - 51 - 5
-39
Evaluate (6 + -1 - ((105 - 66) + 23)) + -2 + -10.
-69
(27 - 21) + (37 + 4 + 5 - 0)
52
Evaluate (-60773 - -60869) + (-4 + 2 - 9).
85
-36 + 25 + 34 - 53
-30
Evaluate (40 - -2) + -89 + 44.
-3
What is the value of 68 + 60 + -94 - -41?
75
What is -131 + 114 - (20 - (20 + (0 - 10)))?
-27
What is the value of 1 + (-8 + -1 - -9) - (-15 + (8 - -9))?
-1
What is 53 + 2 + -3 + (4 - (-15 + 24))?
47
Calculate -40 + (-21 - (-69 + 15)) + -21 + -26.
-54
What is 57 - (67 + (-67 - -59))?
-2
What is -26 + -11 + 48 + -14 + 3?
0
What is the value of 1 + -74 - (-10 + -4 + (206 - 202))?
-63
What is 38 - (110 + 3 + -52)?
-23
Calculate -97 - ((-26 - -36) + -2 + -31).
-74
Evaluate 27 - ((-136 - 18) + 101).
80
What is the value of -284 - -307 - (-33 + -19)?
75
(-4 - -45) + -14 + (0 - -10) + 10 + 0
47
Calculate 29 + (-19 + 1 - (-27 + -28)).
66
2 + -4 + -3 - (27 - (-32 + -19))
-83
What is the value of 33 + (-4 - (3 + -3)) - ((-41 - -46) + -5)?
29
What is the value of 14 - (13 + (80 - 52))?
-27
Evaluate -14687 + 14586 + (3 - 3) + 15 + 0 + -1.
-87
-1036 + 1008 - (1 + -7)
-22
Calculate (11 - -3) + 704 + -684.
34
60 + (7 - -19) + 12 + -35
63
11 + -12 + 0 + -4 + -9 + 32
18
Evaluate -47 + -20 + 54 + -29.
-42
What is the value of 34 + (-69 - (23 + -65))?
7
Calculate 35 + 5 - (-272 + 371).
-59
What is (3 - (-4 - (7 + -1))) + (132 - 130)?
15
Evaluate 0 + -5 + 32 + (2 - (-20 + -5)).
54
What is the value of 934 + -931 - (0 - -2 - (8 + (5 - 2)))?
12
Evaluate 63 - (67 - (39 - -10)).
45
Calculate 29 + (21 + -3 - 47).
0
What is the value of -9 + (2 - (-13 - ((6 - -1) + -41)))?
-28
What is the value of -68 + 1 + 1 - (140 - (-172 + 329))?
-49
What is the value of 12 + 18 + 2 + -27 + -1 + -67?
-63
Evaluate -85 - (0 - (38 + -76)) - (1 + -27).
-97
What is the value of -11 + (39 - (-5 - -23)) - 7?
3
Evaluate (53 - 81) + 40 - -25.
37
Calculate (-112 - -60) + 58 + -27 + (0 + -1 - 10).
-32
(-3123 - -3167) + (24 - -1)
69
Evaluate 31 + (17 + -21 - (6 - -8)) - 18.
-5
(-35 - (-42 + -38)) + (0 - -2 - (-2 + -5))
54
Evaluate -65 - (-24 + -23 - -17).
-35
What is 24 - 107 - (-4 - (-13 + 18))?
-74
(0 - 39) + (244 - (-121 - -294))
32
Calculate (13 - 47) + (-13 - 1) - 16.
-64
What is the value of (50 - (6 - (-7 - 0))) + (1 - (3 + 2))?
33
Evaluate (3 - 0) + -9 + -34 + 18 + -22.
-44
Evaluate -23 - (-1 + -8 + (-68 - -77)).
-23
-56 + 68 - ((-10 - (-10 - -2)) + -6 + 66)
-46
What is (1 - -2) + 0 + 84 + (-73 - -17)?
31
Calculate 9 + 72 + -25 - (9 + -6 + -2 + 11).
44
What is 12 + (24 + -11 - 60) + -3 - 6?
-44
Evaluate 19 - 67 - -50 - -49.
51
What is -79 + -5 - (-154 + 111)?
-41
What is the value of (11 - (-1 + (23 - (11 - 0)))) + -5?
-5
19 - (-25 + 27) - (21 + -4)
0
What is (-36 + 22 - 35) + 43 - -16?
10
Evaluate -2 - 13 - (-19 - (54 - 46 - (1 - -25))).
-14
What is 1 + 2 + (16 - ((31 - -2) + 78))?
-92
Calculate (0 